{"id":3406,"date":"2024-09-16T22:48:08","date_gmt":"2024-09-16T20:48:08","guid":{"rendered":"https:\/\/justweirdo.com\/?post_type=product&#038;p=3406"},"modified":"2025-02-07T15:50:05","modified_gmt":"2025-02-07T14:50:05","slug":"sudadera-azul-marino","status":"publish","type":"product","link":"https:\/\/justweirdo.com\/?product=sudadera-azul-marino","title":{"rendered":"Sudadera azul marino"},"content":{"rendered":"<p><strong>Sudadera azul marino weirdo<\/strong>. Posee un tejido de alta\u00a0<strong>calidad<\/strong>\u00a0que le confiere una textura suave y c\u00f3moda para su uso todo el d\u00eda. El dise\u00f1o se basa en un estampado\u00a0<strong>unicolor<\/strong>,\u00a0<span id=\"page1R_mcid2\" class=\"markedContent\"><span dir=\"ltr\" role=\"presentation\">l<\/span><span dir=\"ltr\" role=\"presentation\">ogo serigra<\/span><span class=\"markedContent\"><span dir=\"ltr\" role=\"presentation\">fi<\/span><\/span><span dir=\"ltr\" role=\"presentation\">ado<\/span><br role=\"presentation\" \/><span dir=\"ltr\" role=\"presentation\">blanco<\/span><span dir=\"ltr\" role=\"presentation\">\u00a0en la parte delantera.<\/span><\/span><\/p>\n<p>Resumen, caracter\u00edsticas e informaci\u00f3n de inter\u00e9s sobre el producto:<\/p>\n<ul>\n<li>Material: 80% algod\u00f3n 20 % poli\u00e9ster<\/li>\n<li><span id=\"page1R_mcid4\" class=\"markedContent\"><span id=\"page1R_mcid8\" class=\"markedContent\"><span id=\"page1R_mcid10\" class=\"markedContent\"><span dir=\"ltr\" role=\"presentation\">Interior: Felpa perchada 320 gr<\/span><\/span><\/span><\/span><\/li>\n<li>Color: Azul marino<\/li>\n<li>Manga: Larga<\/li>\n<li>Modelo:\u00a0<span id=\"page1R_mcid4\" class=\"markedContent\"><span id=\"page1R_mcid20\" class=\"markedContent\"><span id=\"page1R_mcid22\" class=\"markedContent\"><span dir=\"ltr\" role=\"presentation\">Unisex<\/span><\/span><\/span><\/span><\/li>\n<li>Cuidados: Lavar a m\u00e1quina m\u00e1ximo a 40 grados. No utilizar secadora, lavado delicado.<\/li>\n<\/ul>\n<p>No te olvides consultar la gu\u00eda de tallas antes de tu pedido. Disponemos de varios proveedores por lo que las tallas pueden variar.<\/p>\n","protected":false},"excerpt":{"rendered":"<p>Sudadera Azul Marino weirdo<\/p>\n","protected":false},"featured_media":4035,"comment_status":"open","ping_status":"closed","template":"","meta":{"_acf_changed":false,"_joinchat":[]},"product_brand":[],"product_cat":[41,99],"product_tag":[],"class_list":{"0":"post-3406","1":"product","2":"type-product","3":"status-publish","4":"has-post-thumbnail","6":"product_cat-rebajas","7":"product_cat-sudaderas-rebajas","9":"first","10":"instock","11":"sale","12":"taxable","13":"shipping-taxable","14":"purchasable","15":"product-type-variable"},"acf":[],"_links":{"self":[{"href":"https:\/\/justweirdo.com\/index.php?rest_route=\/wp\/v2\/product\/3406","targetHints":{"allow":["GET"]}}],"collection":[{"href":"https:\/\/justweirdo.com\/index.php?rest_route=\/wp\/v2\/product"}],"about":[{"href":"https:\/\/justweirdo.com\/index.php?rest_route=\/wp\/v2\/types\/product"}],"replies":[{"embeddable":true,"href":"https:\/\/justweirdo.com\/index.php?rest_route=%2Fwp%2Fv2%2Fcomments&post=3406"}],"version-history":[{"count":1,"href":"https:\/\/justweirdo.com\/index.php?rest_route=\/wp\/v2\/product\/3406\/revisions"}],"predecessor-version":[{"id":3414,"href":"https:\/\/justweirdo.com\/index.php?rest_route=\/wp\/v2\/product\/3406\/revisions\/3414"}],"wp:featuredmedia":[{"embeddable":true,"href":"https:\/\/justweirdo.com\/index.php?rest_route=\/wp\/v2\/media\/4035"}],"wp:attachment":[{"href":"https:\/\/justweirdo.com\/index.php?rest_route=%2Fwp%2Fv2%2Fmedia&parent=3406"}],"wp:term":[{"taxonomy":"product_brand","embeddable":true,"href":"https:\/\/justweirdo.com\/index.php?rest_route=%2Fwp%2Fv2%2Fproduct_brand&post=3406"},{"taxonomy":"product_cat","embeddable":true,"href":"https:\/\/justweirdo.com\/index.php?rest_route=%2Fwp%2Fv2%2Fproduct_cat&post=3406"},{"taxonomy":"product_tag","embeddable":true,"href":"https:\/\/justweirdo.com\/index.php?rest_route=%2Fwp%2Fv2%2Fproduct_tag&post=3406"}],"curies":[{"name":"wp","href":"https:\/\/api.w.org\/{rel}","templated":true}]}}