{"id":3231,"date":"2024-09-08T22:03:19","date_gmt":"2024-09-08T20:03:19","guid":{"rendered":"https:\/\/justweirdo.com\/producto\/mochila-azul-marino\/"},"modified":"2024-09-11T10:22:49","modified_gmt":"2024-09-11T08:22:49","slug":"mochila-azul-marino","status":"publish","type":"product","link":"https:\/\/justweirdo.com\/?product=mochila-azul-marino","title":{"rendered":"Mochila azul marino"},"content":{"rendered":"<p>Esta mochila de tama\u00f1o mediano es justo lo que necesitas para tu d\u00eda a d\u00eda o para actividades deportivas. Los bolsillos (incluyendo uno para el port\u00e1til) son lo suficientemente espaciosos para que puedas guardar tus pertenencias. Adem\u00e1s el material resistente al agua las proteger\u00e1 de las inclemencias meteorol\u00f3gicas. <\/p>\n<p>\u2022 100% poli\u00e9ster<br \/>\n\u2022 Peso del tejido: 305 g\/m\u00b2 <br \/>\n\u2022 Dimensiones: Altura de 42 cm (16\u215e\u00bb), anchura de 31 cm (12 \u00bc\u00bb), profundidad de 10 cm (3 \u215e\u00bb)<br \/>\n\u2022 L\u00edmite m\u00e1ximo de peso: 20 kg (44 lbs)<br \/>\n\u2022 Material resistente al agua<br \/>\n\u2022 Compartimento interior espacioso con bolsillo separado para port\u00e1tiles de 15\u201d, bolsillo frontal con cremallera y bolsillo oculto con cremallera en la parte posterior de la mochila<br \/>\n\u2022 La cremallera superior tiene 2 carros y estos cuentan con un tirador cada uno<br \/>\n\u2022 Forro interior suave, dobladillos interiores ribeteados y parte posterior de malla suave<br \/>\n\u2022 Asas ergon\u00f3micas acolchadas de poli\u00e9ster con reguladores de pl\u00e1stico<\/p>\n<p>Plazo de env\u00edo 10 d\u00edas<\/p>\n","protected":false},"excerpt":{"rendered":"<p>Esta mochila de tama\u00f1o mediano es justo lo que necesitas para tu d\u00eda a d\u00eda o para actividades deportivas. Los bolsillos (incluyendo uno para el port\u00e1til) son lo suficientemente espaciosos para que puedas guardar tus pertenencias. Adem\u00e1s el material resistente al agua las proteger\u00e1 de las inclemencias meteorol\u00f3gicas. \u2022 100% poli\u00e9ster \u2022 Peso del tejido: [&hellip;]<\/p>\n","protected":false},"featured_media":3232,"comment_status":"open","ping_status":"closed","template":"","meta":{"_acf_changed":false,"_joinchat":[]},"product_brand":[],"product_cat":[38,20,29,39,22,31],"product_tag":[],"class_list":{"0":"post-3231","1":"product","2":"type-product","3":"status-publish","4":"has-post-thumbnail","6":"product_cat-accesorios-ninos","7":"product_cat-accesorios","8":"product_cat-accesorios-mujer","9":"product_cat-bolsas-y-mochilas-accesorios-ninos","10":"product_cat-bolsas-y-mochilas","11":"product_cat-bolsas-y-mochilas-accesorios-mujer","13":"first","14":"instock","15":"taxable","16":"shipping-taxable","17":"purchasable","18":"product-type-simple"},"acf":[],"_links":{"self":[{"href":"https:\/\/justweirdo.com\/index.php?rest_route=\/wp\/v2\/product\/3231","targetHints":{"allow":["GET"]}}],"collection":[{"href":"https:\/\/justweirdo.com\/index.php?rest_route=\/wp\/v2\/product"}],"about":[{"href":"https:\/\/justweirdo.com\/index.php?rest_route=\/wp\/v2\/types\/product"}],"replies":[{"embeddable":true,"href":"https:\/\/justweirdo.com\/index.php?rest_route=%2Fwp%2Fv2%2Fcomments&post=3231"}],"version-history":[{"count":1,"href":"https:\/\/justweirdo.com\/index.php?rest_route=\/wp\/v2\/product\/3231\/revisions"}],"predecessor-version":[{"id":3237,"href":"https:\/\/justweirdo.com\/index.php?rest_route=\/wp\/v2\/product\/3231\/revisions\/3237"}],"wp:featuredmedia":[{"embeddable":true,"href":"https:\/\/justweirdo.com\/index.php?rest_route=\/wp\/v2\/media\/3232"}],"wp:attachment":[{"href":"https:\/\/justweirdo.com\/index.php?rest_route=%2Fwp%2Fv2%2Fmedia&parent=3231"}],"wp:term":[{"taxonomy":"product_brand","embeddable":true,"href":"https:\/\/justweirdo.com\/index.php?rest_route=%2Fwp%2Fv2%2Fproduct_brand&post=3231"},{"taxonomy":"product_cat","embeddable":true,"href":"https:\/\/justweirdo.com\/index.php?rest_route=%2Fwp%2Fv2%2Fproduct_cat&post=3231"},{"taxonomy":"product_tag","embeddable":true,"href":"https:\/\/justweirdo.com\/index.php?rest_route=%2Fwp%2Fv2%2Fproduct_tag&post=3231"}],"curies":[{"name":"wp","href":"https:\/\/api.w.org\/{rel}","templated":true}]}}