{"id":1882,"date":"2024-08-07T00:13:53","date_gmt":"2024-08-06T22:13:53","guid":{"rendered":"https:\/\/dev.justweirdo.com\/producto\/camiseta-blanca-de-algodon-organico-2\/"},"modified":"2024-10-03T15:12:10","modified_gmt":"2024-10-03T13:12:10","slug":"camiseta-blanca-de-algodon-organico-2","status":"publish","type":"product","link":"https:\/\/justweirdo.com\/?product=camiseta-blanca-de-algodon-organico-2","title":{"rendered":"Camiseta blanca de algod\u00f3n org\u00e1nico"},"content":{"rendered":"<p>Hecha de algod\u00f3n 100% org\u00e1nico dise\u00f1ada especialmente para los m\u00e1s rebeldes.<br \/>\n\u2022 Algod\u00f3n hilado en anillos 100% org\u00e1nico<br \/>\n\u2022 Peso del tejido: 180 g\/m\u00b2<br \/>\n\u2022 Ajuste medio<\/p>\n<p>No te olvides consultar la gu\u00eda de tallas antes de tu compra.<\/p>\n","protected":false},"excerpt":{"rendered":"<p>Hecha de algod\u00f3n 100% org\u00e1nico dise\u00f1ada especialmente para los m\u00e1s rebeldes. \u2022 Algod\u00f3n hilado en anillos 100% org\u00e1nico \u2022 Peso del tejido: 180 g\/m\u00b2 \u2022 Ajuste medio No te olvides consultar la gu\u00eda de tallas antes de tu compra.<\/p>\n","protected":false},"featured_media":1891,"comment_status":"open","ping_status":"closed","template":"","meta":{"_acf_changed":false,"_joinchat":[]},"product_brand":[],"product_cat":[17,97,16,41],"product_tag":[],"class_list":{"0":"post-1882","1":"product","2":"type-product","3":"status-publish","4":"has-post-thumbnail","6":"product_cat-camisetas","7":"product_cat-camisetas-rebajas","8":"product_cat-hombre","9":"product_cat-rebajas","11":"first","12":"instock","13":"taxable","14":"shipping-taxable","15":"purchasable","16":"product-type-variable"},"acf":[],"_links":{"self":[{"href":"https:\/\/justweirdo.com\/index.php?rest_route=\/wp\/v2\/product\/1882","targetHints":{"allow":["GET"]}}],"collection":[{"href":"https:\/\/justweirdo.com\/index.php?rest_route=\/wp\/v2\/product"}],"about":[{"href":"https:\/\/justweirdo.com\/index.php?rest_route=\/wp\/v2\/types\/product"}],"replies":[{"embeddable":true,"href":"https:\/\/justweirdo.com\/index.php?rest_route=%2Fwp%2Fv2%2Fcomments&post=1882"}],"version-history":[{"count":3,"href":"https:\/\/justweirdo.com\/index.php?rest_route=\/wp\/v2\/product\/1882\/revisions"}],"predecessor-version":[{"id":2485,"href":"https:\/\/justweirdo.com\/index.php?rest_route=\/wp\/v2\/product\/1882\/revisions\/2485"}],"wp:featuredmedia":[{"embeddable":true,"href":"https:\/\/justweirdo.com\/index.php?rest_route=\/wp\/v2\/media\/1891"}],"wp:attachment":[{"href":"https:\/\/justweirdo.com\/index.php?rest_route=%2Fwp%2Fv2%2Fmedia&parent=1882"}],"wp:term":[{"taxonomy":"product_brand","embeddable":true,"href":"https:\/\/justweirdo.com\/index.php?rest_route=%2Fwp%2Fv2%2Fproduct_brand&post=1882"},{"taxonomy":"product_cat","embeddable":true,"href":"https:\/\/justweirdo.com\/index.php?rest_route=%2Fwp%2Fv2%2Fproduct_cat&post=1882"},{"taxonomy":"product_tag","embeddable":true,"href":"https:\/\/justweirdo.com\/index.php?rest_route=%2Fwp%2Fv2%2Fproduct_tag&post=1882"}],"curies":[{"name":"wp","href":"https:\/\/api.w.org\/{rel}","templated":true}]}}