{"id":1616,"date":"2024-08-05T16:09:57","date_gmt":"2024-08-05T14:09:57","guid":{"rendered":"https:\/\/dev.justweirdo.com\/?post_type=product&#038;p=1616"},"modified":"2025-04-03T22:31:44","modified_gmt":"2025-04-03T20:31:44","slug":"camiseta-mujer-weirdo-color-gris-antracita","status":"publish","type":"product","link":"https:\/\/justweirdo.com\/?product=camiseta-mujer-weirdo-color-gris-antracita","title":{"rendered":"CAMISETA GRIS ANTRACITA"},"content":{"rendered":"\r\n<p><strong>Camiseta mujer Weirdo | Color gris antracita<\/strong><\/p>\r\n\r\n\r\n\r\n<p>Nuestra<strong> camiseta mujer weirdo color gris antracita<\/strong> de manga corta, est\u00e1 confeccionada en 100% algod\u00f3n, de 180 gr. Posee un tejido de alta <strong>calidad<\/strong> que le confiere una textura suave y c\u00f3moda para su uso todo el d\u00eda. El dise\u00f1o se basa en un estampado <strong>unicolor<\/strong>, logo estampado en la parte delantera formando la palabra WEIRDO y su loco significado (para nosotros <img decoding=\"async\" class=\"emoji\" role=\"img\" src=\"https:\/\/cdn.jsdelivr.net\/gh\/jdecked\/twemoji@15.0.3\/assets\/1f92a.svg\" alt=\"\ud83e\udd2a\" \/>).<\/p>\r\n\r\n\r\n\r\n<p>Resumen, caracter\u00edsticas e informaci\u00f3n de inter\u00e9s sobre el producto:<\/p>\r\n\r\n\r\n\r\n<ul class=\"wp-block-list\">\r\n<li>Material: 100% algod\u00f3n 180 gr.<\/li>\r\n\r\n\r\n\r\n<li>Estampado: Unicolor con logo estampado en la parte delantera y etiqueta con logo en manga izquierda<\/li>\r\n\r\n\r\n\r\n<li>Color: Gris Antracita<\/li>\r\n\r\n\r\n\r\n<li>Manga: Corta<\/li>\r\n\r\n\r\n\r\n<li>Cuello: Redondo<\/li>\r\n\r\n\r\n\r\n<li>Modelo: Mujer<\/li>\r\n\r\n\r\n\r\n<li>Cuidados: Lavar a m\u00e1quina m\u00e1ximo a 40 grados. No utilizar secadora, lavado delicado.<\/li>\r\n<\/ul>\r\n\r\n\r\n\r\n\r\n\r\n<p>No te olvides consultar la gu\u00eda de tallas antes de tu pedido<\/p>\r\n\r\n\r\n\r\n\r\n\r\n\r\n\r\n\r\n\r\n<p>Echa un ojo al resto de productos de nuestra <a href=\"https:\/\/justweirdo.com\/\"><strong>tienda<\/strong><\/a> en la que encontrar\u00e1s una amplia gama de colores y dise\u00f1os diferentes.\u00a0<\/p>\r\n\r\n\r\n\r\n<p>\u00a1\u00a1Env\u00edos a toda Espa\u00f1a!!<\/p>\r\n\r\n\r\n\r\n<p><strong>Weirdo, un estilo simple para un esp\u00edritu libre. Be Weirdo, be You !!<\/strong><\/p>\r\n","protected":false},"excerpt":{"rendered":"<p><strong>Camiseta mujer weirdo color gris antracita<\/strong> de manga corta unisex, 100% algod\u00f3n. Logo estampado en la parte delantera formando la palabra WEIRDO y su loco significado (para nosotros <img decoding=\"async\" class=\"emoji\" role=\"img\" src=\"https:\/\/cdn.jsdelivr.net\/gh\/jdecked\/twemoji@15.0.3\/assets\/1f92a.svg\" alt=\"\ud83e\udd2a\" \/>).<br \/>\u00a0<br \/><strong>\u00bfTienes dudas con las tallas?<\/strong> Consulta aqu\u00ed nuestra gu\u00eda de <a href=\"https:\/\/justweirdo.com\/wp-content\/uploads\/2021\/08\/tallaje-talla-camiseta-estampada-comic-weirdo-justweirdo.png\" target=\"_blank\" rel=\"noreferrer noopener\"><strong>tallaje<\/strong><\/a><\/p>\n","protected":false},"featured_media":1619,"comment_status":"open","ping_status":"closed","template":"","meta":{"_acf_changed":false,"_joinchat":[]},"product_brand":[],"product_cat":[27,97,26,41],"product_tag":[],"class_list":{"0":"post-1616","1":"product","2":"type-product","3":"status-publish","4":"has-post-thumbnail","6":"product_cat-camisetas-mujer","7":"product_cat-camisetas-rebajas","8":"product_cat-mujer","9":"product_cat-rebajas","11":"first","12":"instock","13":"taxable","14":"shipping-taxable","15":"purchasable","16":"product-type-variable","17":"has-default-attributes"},"acf":[],"_links":{"self":[{"href":"https:\/\/justweirdo.com\/index.php?rest_route=\/wp\/v2\/product\/1616","targetHints":{"allow":["GET"]}}],"collection":[{"href":"https:\/\/justweirdo.com\/index.php?rest_route=\/wp\/v2\/product"}],"about":[{"href":"https:\/\/justweirdo.com\/index.php?rest_route=\/wp\/v2\/types\/product"}],"replies":[{"embeddable":true,"href":"https:\/\/justweirdo.com\/index.php?rest_route=%2Fwp%2Fv2%2Fcomments&post=1616"}],"version-history":[{"count":9,"href":"https:\/\/justweirdo.com\/index.php?rest_route=\/wp\/v2\/product\/1616\/revisions"}],"predecessor-version":[{"id":3691,"href":"https:\/\/justweirdo.com\/index.php?rest_route=\/wp\/v2\/product\/1616\/revisions\/3691"}],"wp:featuredmedia":[{"embeddable":true,"href":"https:\/\/justweirdo.com\/index.php?rest_route=\/wp\/v2\/media\/1619"}],"wp:attachment":[{"href":"https:\/\/justweirdo.com\/index.php?rest_route=%2Fwp%2Fv2%2Fmedia&parent=1616"}],"wp:term":[{"taxonomy":"product_brand","embeddable":true,"href":"https:\/\/justweirdo.com\/index.php?rest_route=%2Fwp%2Fv2%2Fproduct_brand&post=1616"},{"taxonomy":"product_cat","embeddable":true,"href":"https:\/\/justweirdo.com\/index.php?rest_route=%2Fwp%2Fv2%2Fproduct_cat&post=1616"},{"taxonomy":"product_tag","embeddable":true,"href":"https:\/\/justweirdo.com\/index.php?rest_route=%2Fwp%2Fv2%2Fproduct_tag&post=1616"}],"curies":[{"name":"wp","href":"https:\/\/api.w.org\/{rel}","templated":true}]}}